751 a prime number?
True
Is 5707 prime?
False
Is 4699 prime?
False
Is 3641 prime?
False
Is 492961 a composite number?
True
Is 34189 a composite number?
True
Is 29101 composite?
False
Is 14431 a composite number?
False
Is 4201 a composite number?
False
Is 5637 a prime number?
False
Is 47339 prime?
True
Is 9287 composite?
True
Is 2581 composite?
True
Is 1277 a prime number?
True
Is 8147 prime?
True
Is 62701 a composite number?
False
Is 17023 prime?
False
Is 62885 a prime number?
False
Is 5963 a prime number?
False
Is 27149 a prime number?
False
Is 140573 composite?
True
Is 77447 a composite number?
False
Is 51671 a composite number?
True
Is 221461 prime?
True
Is 67955 prime?
False
Is 4535 composite?
True
Is 30359 a composite number?
True
Is 241097 composite?
True
Is 830827 a prime number?
True
Is 20017 composite?
True
Is 14591 a composite number?
False
Is 129083 composite?
False
Is 140299 a prime number?
False
Is 5353 prime?
False
Is 1881523 composite?
True
Is 660247 composite?
True
Is 136943 prime?
True
Is 994489 a composite number?
False
Is 1498027 a prime number?
True
Is 5383 composite?
True
Is 8513 a prime number?
True
Is 68007 a prime number?
False
Is 37163 a prime number?
False
Is 2771 prime?
False
Is 92893 a composite number?
False
Is 111697 prime?
True
Is 67813 composite?
True
Is 9917 a composite number?
True
Is 999269 prime?
True
Is 113891 prime?
True
Is 39871 prime?
False
Is 112997 prime?
True
Is 7303 a prime number?
False
Is 132329 a composite number?
False
Is 36481 composite?
True
Is 44615 a composite number?
True
Is 2235271 a prime number?
True
Is 185053 a prime number?
False
Is 13537 a prime number?
True
Is 72643 a composite number?
False
Is 636947 composite?
False
Is 617477 prime?
False
Is 4841 prime?
False
Is 1286 composite?
True
Is 38987 a composite number?
True
Is 3049 a prime number?
True
Is 25841 a composite number?
False
Is 892901 a prime number?
True
Is 6127 prime?
False
Is 259091 a composite number?
True
Is 416477 prime?
True
Is 598771 composite?
True
Is 673943 composite?
False
Is 9655 a composite number?
True
Is 197801 composite?
True
Is 13609 a composite number?
True
Is 6289 a prime number?
False
Is 18529 composite?
True
Is 135551 prime?
False
Is 610223 a composite number?
True
Is 6559 prime?
False
Is 75451 a composite number?
True
Is 290657 prime?
True
Is 3022 prime?
False
Is 935899 composite?
False
Is 4006 a prime number?
False
Is 47207 composite?
False
Is 5357 composite?
True
Is 32995 a prime number?
False
Is 69761 a prime number?
True
Is 572483 prime?
False
Is 359873 a composite number?
True
Is 60773 prime?
True
Is 225809 prime?
True
Is 6823 a prime number?
True
Is 108677 prime?
True
Is 16637 a prime number?
False
Is 813797 prime?
True
Is 989063 composite?
True
Is 30403 a composite number?
False
Is 9349 composite?
False
Is 53939 a prime number?
True
Is 26083 composite?
False
Is 805091 composite?
True
Is 19027 prime?
False
Is 1370573 a prime number?
True
Is 1471 composite?
False
Is 11887 a composite number?
False
Is 11383 prime?
True
Is 213483 composite?
True
Is 24493 a composite number?
True
Is 1810321 prime?
False
Is 3877 composite?
False
Is 5257 composite?
True
Is 7981 a composite number?
True
Is 283267 a prime number?
True
Is 2449 prime?
False
Is 151679 prime?
False
Is 247529 prime?
True
Is 72133 prime?
False
Is 17717 a composite number?
True
Is 2467 a composite number?
False
Is 61121 prime?
True
Is 143447 prime?
False
Is 139661 composite?
False
Is 330895 prime?
False
Is 1245187 composite?
False
Is 8999 a prime number?
True
Is 183013 a composite number?
True
Is 38639 composite?
False
Is 1061033 a prime number?
True
Is 38953 composite?
False
Is 31237 composite?
False
Is 32245 prime?
False
Is 75893 a composite number?
True
Is 79039 prime?
True
Is 14597 a prime number?
False
Is 339143 a composite number?
True
Is 257639 composite?
False
Is 46337 a composite number?
False
Is 55343 prime?
True
Is 12797 a prime number?
False
Is 1134763 prime?
False
Is 212053 composite?
True
Is 15877 a composite number?
False
Is 253039 prime?
False
Is 973729 composite?
True
Is 4135 a composite number?
True
Is 2724109 composite?
False
Is 538759 a prime number?
False
Is 51007 composite?
True
Is 30769 a prime number?
False
Is 23941 a prime number?
False
Is 828401 a composite number?
True
Is 1393 composite?
True
Is 2189459 composite?
False
Is 4742 a composite number?
True
Is 24155 composite?
True
Is 5493 composite?
True
Is 716383 composite?
False
Is 25523 a prime number?
True
Is 57898 a prime number?
False
Is 29243 a composite number?
False
Is 486053 composite?
False
Is 18019 prime?
False
Is 6229 composite?
False
Is 449149 a prime number?
True
Is 29371 a composite number?
True
Is 374606 a composite number?
True
Is 53569 composite?
False
Is 15406 prime?
False
Is 599 a prime number?
True
Is 885251 prime?
True
Is 196499 a prime number?
True
Is 23 prime?
True
Is 2749 a composite number?
False
Is 8861 composite?
False
Is 900283 composite?
False
Is 72301 composite?
True
Is 18118 a prime number?
False
Is 135919 composite?
True
Is 264697 composite?
False
Is 2811995 a composite number?
True
Is 196465 a prime number?
False
Is 763258 composite?
True
Is 157031 prime?
False
Is 318277 prime?
False
Is 181627 prime?
False
Is 84589 a composite number?
False
Is 664057 a prime number?
False
Is 200053 composite?
True
Is 63923 a composite number?
True
Is 353359 composite?
False
Is 749339 prime?
True
Is 858073 composite?
False
Is 543709 composite?
True
Is 2952685 prime?
False
Is 4637 a prime number?
True
Is 3817 a prime number?
False
Is 21433 a prime number?
True
Is 231409 composite?
False
Is 9599 prime?
False
Is 794221 a composite number?
False
Is 961871 composite?
False
Is 82601 a composite number?
False
Is 1968599 composite?
False
Is 307421 composite?
True
Is 2419 composite?
True
Is 92913 composite?
True
Is 2171714 prime?
False
Is 17843 a prime number?
False
Is 21971 composite?
True
Is 64381 a composite number?
False
Is 37457 composite?
True
Is 47935 a composite number?
True
Is 3046 prime?
False
Is 1107127 a prime number?
False
Is 16879 prime?
True
Is 14369 prime?
True
Is 21811 composite?
True
Is 5407 prime?
True
Is 10617 composite?
True
Is 104018 composite?
True
Is 1561 a composite number?
True
Is 413 a prime number?
False
Is 1595467 a composite number?
True
Is 323333 composite?
False
Is 309661 prime?
False
Is 110809 prime?
False
Is 242863 a composite number?
False
Is 892697 a composite number?
True
Is 149239 composite?
False
Is 151691 a composite number?
True
Is 47627 a composite number?
True
Is 2237 a prime number?
True
Is 812762 a composite number?
True
Is 529351 prime?
False
Is 39551 composite?
False
Is 638699 composite?
False
Is 372037 a composite number?
False
Is 14891 a prime number?
True
Is 91453 composite?
False
Is 22331 a prime number?
False
Is 32329 composite?
True
Is 208379 a composite number?
False
Is 7745 a prime number?
False
Is 4310927 prime?
True
Is 3629 a composite number?
True
Is 23101 a prime number?
False
Is 199247 a composite number?
False
Is 30289 a composite number?
True
Is 23179 prime?
False
Is 61043 a composite number?
False
Is 183031 prime?
False
Is 24571 prime?
True
Is 17713 composite?
False
Is 1321273 a prime number?
True
Is 2731 prime?
True
Is 43667 prime?
False
Is 694205 a prime number?
False
Is 22183 a composite number?
True
Is 1079 a prime number?
False
Is 197705 prime?
False
Is 97631 a composite number?
True
Is 638749 a prime number?
False
Is 43853 prime?
True
Is 35537 composite?
False
Is 202817 prime?
True
Is 3271 a prime number?
True
Is 22291 a composite number?
False
Is 562753 prime?
True
Is 3898 prime?
False
Is 59765 a prime number?
False
Is 1631 composite?
True
Is 29219 a prime number?
False
Is 297197 composite?
True
Is 36433 a composite number?
False
Is 2636589 a prime number?
False
Is 7769 composite?
True
Is 3537571 prime?
True
Is 21541 a composite number?
True
Is 416291 a composite number?
False
Is 15611 composite?
True
Is 491 prime?
True
Is 12149 a prime number?
True
Is 88923 a composite number?
True
Is 14893 a prime number?
False
Is 31547 composite?
False
Is 1483231 a composite number?
False
Is 214 a composite number?
True
Is 1576801 prime?
False
Is 391 a composite number?
True
Is 57637 prime?
True
Is 50981 a co